{"id":146,"date":"2013-12-22T15:36:14","date_gmt":"2013-12-22T14:36:14","guid":{"rendered":"http:\/\/www.aelbrains.fr\/local\/?page_id=146"},"modified":"2013-12-22T15:36:14","modified_gmt":"2013-12-22T14:36:14","slug":"plan-du-site","status":"publish","type":"page","link":"http:\/\/www.aelbrains.fr\/www\/plan-du-site\/","title":{"rendered":"Plan du site"},"content":{"rendered":"<div class=\"wsp-container\"><h2 class=\"wsp-pages-title\">Pages<\/h2>\n<ul class=\"wsp-pages-list\">\n<li class=\"page_item page-item-139\"><a href=\"http:\/\/www.aelbrains.fr\/www\/contact\/\">Formulaire de contact<\/a><\/li>\n<li class=\"page_item page-item-123\"><a href=\"http:\/\/www.aelbrains.fr\/www\/liens\/\">Liens utiles<\/a><\/li>\n<li class=\"page_item page-item-129\"><a href=\"http:\/\/www.aelbrains.fr\/www\/129-2\/\">Mentions l\u00e9gales<\/a><\/li>\n<li class=\"page_item page-item-146\"><a href=\"http:\/\/www.aelbrains.fr\/www\/plan-du-site\/\">Plan du site<\/a><\/li>\n<li class=\"page_item page-item-2\"><a href=\"http:\/\/www.aelbrains.fr\/www\/sample-page\/\">Sample Page<\/a><\/li>\n<\/ul>\n<h2 class=\"wsp-posts-title\">Articles par cat\u00e9gorie<\/h2>\n<ul class=\"wsp-posts-list\">\n\t<li><strong class=\"wsp-category-title\">Cat\u00e9gorie\u00a0: <a href=\"http:\/\/www.aelbrains.fr\/www\/category\/activites\/\">Activit\u00e9s<\/a><\/strong>\n<ul class=\"wsp-posts-list\">\t\t<li class=\"wsp-post\"><a href=\"http:\/\/www.aelbrains.fr\/www\/atelier-cuisine\/\">Atelier cuisine<\/a><\/li>\n\t\t<li class=\"wsp-post\"><a href=\"http:\/\/www.aelbrains.fr\/www\/art-floral\/\">Art Floral<\/a><\/li>\n\t\t<li class=\"wsp-post\"><a href=\"http:\/\/www.aelbrains.fr\/www\/atelier-theatre-enfants\/\">Atelier th\u00e9\u00e2tre enfants.<\/a><\/li>\n\t\t<li class=\"wsp-post\"><a href=\"http:\/\/www.aelbrains.fr\/www\/boules-brennoises-plaisir-et-convivialite\/\">Boules Brennoises \u00ab plaisir et convivialit\u00e9 \u00bb.<\/a><\/li>\n\t\t<li class=\"wsp-post\"><a href=\"http:\/\/www.aelbrains.fr\/www\/country-line-dance\/\">Country Line Dance.<\/a><\/li>\n\t\t<li class=\"wsp-post\"><a href=\"http:\/\/www.aelbrains.fr\/www\/danses-folkloriques\/\">Danses folkloriques.<\/a><\/li>\n\t\t<li class=\"wsp-post\"><a href=\"http:\/\/www.aelbrains.fr\/www\/eveil-corporel\/\">Eveil Corporel<\/a><\/li>\n\t\t<li class=\"wsp-post\"><a href=\"http:\/\/www.aelbrains.fr\/www\/lire-et-faire-lire\/\">Lire et faire lire.<\/a><\/li>\n\t\t<li class=\"wsp-post\"><a href=\"http:\/\/www.aelbrains.fr\/www\/loisirs-creatifs\/\">Loisirs cr\u00e9atifs.<\/a><\/li>\n\t\t<li class=\"wsp-post\"><a href=\"http:\/\/www.aelbrains.fr\/www\/theatre\/\">Th\u00e9\u00e2tre<\/a><\/li>\n<\/ul><\/li>\n\t<li><strong class=\"wsp-category-title\">Cat\u00e9gorie\u00a0: <a href=\"http:\/\/www.aelbrains.fr\/www\/category\/contacts\/\">Contacts<\/a><\/strong>\n<ul class=\"wsp-posts-list\">\t<li><strong class=\"wsp-category-title\">Cat\u00e9gorie\u00a0: <a href=\"http:\/\/www.aelbrains.fr\/www\/category\/contacts\/nos-coordonnees\/\">Nos coordonn\u00e9es<\/a><\/strong>\n<ul class=\"wsp-posts-list\">\t\t<li class=\"wsp-post\"><a href=\"http:\/\/www.aelbrains.fr\/www\/nos-coordonnees\/\">Nos coordonn\u00e9es<\/a><\/li>\n<\/ul><\/li>\n\t<li><strong class=\"wsp-category-title\">Cat\u00e9gorie\u00a0: <a href=\"http:\/\/www.aelbrains.fr\/www\/category\/contacts\/plan-dacces\/\">Plan d&#039;acc\u00e8s<\/a><\/strong>\n<ul class=\"wsp-posts-list\">\t\t<li class=\"wsp-post\"><a href=\"http:\/\/www.aelbrains.fr\/www\/plan-dacces\/\">Plan d&rsquo;acc\u00e8s<\/a><\/li>\n<\/ul><\/li>\n<\/ul><\/li>\n\t<li><strong class=\"wsp-category-title\">Cat\u00e9gorie\u00a0: <a href=\"http:\/\/www.aelbrains.fr\/www\/category\/qui-sommes-nous\/\">L&#039;amicale<\/a><\/strong>\n<ul class=\"wsp-posts-list\">\t<li><strong class=\"wsp-category-title\">Cat\u00e9gorie\u00a0: <a href=\"http:\/\/www.aelbrains.fr\/www\/category\/qui-sommes-nous\/le-bureau\/\">L&#039;\u00e9quipe<\/a><\/strong>\n<ul class=\"wsp-posts-list\">\t\t<li class=\"wsp-post\"><a href=\"http:\/\/www.aelbrains.fr\/www\/le-bureau\/\">L&rsquo;\u00e9quipe<\/a><\/li>\n<\/ul><\/li>\n\t<li><strong class=\"wsp-category-title\">Cat\u00e9gorie\u00a0: <a href=\"http:\/\/www.aelbrains.fr\/www\/category\/qui-sommes-nous\/presentation\/\">Pr\u00e9sentation<\/a><\/strong>\n<ul class=\"wsp-posts-list\">\t\t<li class=\"wsp-post\"><a href=\"http:\/\/www.aelbrains.fr\/www\/presentation-2\/\">Pr\u00e9sentation<\/a><\/li>\n<\/ul><\/li>\n\t<li><strong class=\"wsp-category-title\">Cat\u00e9gorie\u00a0: <a href=\"http:\/\/www.aelbrains.fr\/www\/category\/qui-sommes-nous\/soutien\/\">Soutien<\/a><\/strong>\n<ul class=\"wsp-posts-list\">\t\t<li class=\"wsp-post\"><a href=\"http:\/\/www.aelbrains.fr\/www\/soutien\/\">Soutien<\/a><\/li>\n<\/ul><\/li>\n<\/ul><\/li>\n\t<li><strong class=\"wsp-category-title\">Cat\u00e9gorie\u00a0: <a href=\"http:\/\/www.aelbrains.fr\/www\/category\/locations\/\">Locations<\/a><\/strong>\n<ul class=\"wsp-posts-list\">\t\t<li class=\"wsp-post\"><a href=\"http:\/\/www.aelbrains.fr\/www\/vues-exterieur-densemble\/\">Vues ext\u00e9rieures d&rsquo;ensemble<\/a><\/li>\n\t\t<li class=\"wsp-post\"><a href=\"http:\/\/www.aelbrains.fr\/www\/salle-jean-noel-prin\/\">Salle Jean-No\u00ebl Prin<\/a><\/li>\n<\/ul><\/li>\n\t<li><strong class=\"wsp-category-title\">Cat\u00e9gorie\u00a0: <a href=\"http:\/\/www.aelbrains.fr\/www\/category\/uncategorized\/\">Uncategorized<\/a><\/strong>\n<ul class=\"wsp-posts-list\">\t\t<li class=\"wsp-post\"><a href=\"http:\/\/www.aelbrains.fr\/www\/theatre-%f0%9f%8e%ad-5\/\">Th\u00e9\u00e2tre &#x1f3ad; :<\/a><\/li>\n\t\t<li class=\"wsp-post\"><a href=\"http:\/\/www.aelbrains.fr\/www\/theatre-%f0%9f%8e%ad-4\/\">Th\u00e9\u00e2tre &#x1f3ad; :<\/a><\/li>\n\t\t<li class=\"wsp-post\"><a href=\"http:\/\/www.aelbrains.fr\/www\/apero-concert-%f0%9f%8d%bb%f0%9f%8e%b8\/\">Ap\u00e9ro-concert &#x1f37b;&#x1f3b8;:<\/a><\/li>\n\t\t<li class=\"wsp-post\"><a href=\"http:\/\/www.aelbrains.fr\/www\/theatre-2\/\">Th\u00e9\u00e2tre :<\/a><\/li>\n\t\t<li class=\"wsp-post\"><a href=\"http:\/\/www.aelbrains.fr\/www\/apero-concert-%f0%9f%8e%b8%f0%9f%8d%bb-2\/\">Ap\u00e9ro concert &#x1f3b8;&#x1f37b; :<\/a><\/li>\n\t\t<li class=\"wsp-post\"><a href=\"http:\/\/www.aelbrains.fr\/www\/apero-concert-%f0%9f%8e%b8%f0%9f%8d%bb\/\">Ap\u00e9ro concert &#x1f3b8;&#x1f37b; :<\/a><\/li>\n\t\t<li class=\"wsp-post\"><a href=\"http:\/\/www.aelbrains.fr\/www\/conte-et-musique\/\">Conte et musique<\/a><\/li>\n\t\t<li class=\"wsp-post\"><a href=\"http:\/\/www.aelbrains.fr\/www\/cinetik-%f0%9f%8e%ac-2\/\">Cin\u00e9tik &#x1f3ac; :<\/a><\/li>\n\t\t<li class=\"wsp-post\"><a href=\"http:\/\/www.aelbrains.fr\/www\/loisirs-creatifs-%f0%9f%96%8d%ef%b8%8f-4\/\">Loisirs cr\u00e9atifs &#x1f58d;&#xfe0f; :<\/a><\/li>\n\t\t<li class=\"wsp-post\"><a href=\"http:\/\/www.aelbrains.fr\/www\/exposition-peinture-sculpture\/\">Exposition peinture-sculpture :<\/a><\/li>\n\t\t<li class=\"wsp-post\"><a href=\"http:\/\/www.aelbrains.fr\/www\/loisirs-creatifs-%f0%9f%96%8d%ef%b8%8f-3\/\">Loisirs cr\u00e9atifs &#x1f58d;&#xfe0f; :<\/a><\/li>\n\t\t<li class=\"wsp-post\"><a href=\"http:\/\/www.aelbrains.fr\/www\/fest-deiz-%f0%9f%92%83-2\/\">Fest-Deiz &#x1f483; :<\/a><\/li>\n\t\t<li class=\"wsp-post\"><a href=\"http:\/\/www.aelbrains.fr\/www\/theatre-%f0%9f%8e%ad-3\/\">Th\u00e9\u00e2tre &#x1f3ad; :<\/a><\/li>\n\t\t<li class=\"wsp-post\"><a href=\"http:\/\/www.aelbrains.fr\/www\/exposition-%f0%9f%96%bc%ef%b8%8f\/\">Exposition &#x1f5bc;&#xfe0f; :<\/a><\/li>\n\t\t<li class=\"wsp-post\"><a href=\"http:\/\/www.aelbrains.fr\/www\/loisirs-creatifs-%f0%9f%96%8d%ef%b8%8f-2\/\">Loisirs cr\u00e9atifs &#x1f58d;&#xfe0f;:<\/a><\/li>\n\t\t<li class=\"wsp-post\"><a href=\"http:\/\/www.aelbrains.fr\/www\/loisirs-creatifs-%f0%9f%96%8d%ef%b8%8f\/\">Loisirs cr\u00e9atifs &#x1f58d;&#xfe0f;:<\/a><\/li>\n\t\t<li class=\"wsp-post\"><a href=\"http:\/\/www.aelbrains.fr\/www\/assemblee-generale\/\">Assembl\u00e9e g\u00e9n\u00e9rale :<\/a><\/li>\n\t\t<li class=\"wsp-post\"><a href=\"http:\/\/www.aelbrains.fr\/www\/fest-deiz-%f0%9f%92%83\/\">Fest-Deiz &#x1f483; :<\/a><\/li>\n\t\t<li class=\"wsp-post\"><a href=\"http:\/\/www.aelbrains.fr\/www\/theatre-%f0%9f%8e%ad-2\/\">Th\u00e9\u00e2tre &#x1f3ad; :<\/a><\/li>\n\t\t<li class=\"wsp-post\"><a href=\"http:\/\/www.aelbrains.fr\/www\/cinetik-%f0%9f%8e%ac\/\">Cin\u00e9tik &#x1f3ac; :<\/a><\/li>\n\t\t<li class=\"wsp-post\"><a href=\"http:\/\/www.aelbrains.fr\/www\/theatre-%f0%9f%8e%ad\/\">Th\u00e9\u00e2tre &#x1f3ad;<\/a><\/li>\n\t\t<li class=\"wsp-post\"><a href=\"http:\/\/www.aelbrains.fr\/www\/la-fourchette-inventive\/\">La Fourchette Inventive :<\/a><\/li>\n\t\t<li class=\"wsp-post\"><a href=\"http:\/\/www.aelbrains.fr\/www\/journees-travaux\/\">Journ\u00e9es travaux<\/a><\/li>\n\t\t<li class=\"wsp-post\"><a href=\"http:\/\/www.aelbrains.fr\/www\/stage-de-theatre\/\">Stage de Th\u00e9\u00e2tre.<\/a><\/li>\n\t\t<li class=\"wsp-post\"><a href=\"http:\/\/www.aelbrains.fr\/www\/representations-theatrales-2017\/\">Repr\u00e9sentations th\u00e9\u00e2trales 2017.<\/a><\/li>\n\t\t<li class=\"wsp-post\"><a href=\"http:\/\/www.aelbrains.fr\/www\/soiree-des-talents-3\/\">Soir\u00e9e des talents.<\/a><\/li>\n\t\t<li class=\"wsp-post\"><a href=\"http:\/\/www.aelbrains.fr\/www\/livret-dinfo-2016\/\">livret d&rsquo;info 2016.<\/a><\/li>\n\t\t<li class=\"wsp-post\"><a href=\"http:\/\/www.aelbrains.fr\/www\/nouveau-atelier-theatre-jeunes\/\">NOUVEAU ATELIER TH\u00c9\u00c2TRE  JEUNES<\/a><\/li>\n\t\t<li class=\"wsp-post\"><a href=\"http:\/\/www.aelbrains.fr\/www\/vide-grenier-2016\/\">Vide grenier 2016<\/a><\/li>\n\t\t<li class=\"wsp-post\"><a href=\"http:\/\/www.aelbrains.fr\/www\/representations-theatrales-2\/\">Repr\u00e9sentations th\u00e9\u00e2trales.<\/a><\/li>\n\t\t<li class=\"wsp-post\"><a href=\"http:\/\/www.aelbrains.fr\/www\/shook-shook-en-concert\/\">Shook Shook en concert.<\/a><\/li>\n\t\t<li class=\"wsp-post\"><a href=\"http:\/\/www.aelbrains.fr\/www\/vide-grenier-le-27-septembre-2015\/\">Vide Grenier, le 27 septembre 2015<\/a><\/li>\n\t\t<li class=\"wsp-post\"><a href=\"http:\/\/www.aelbrains.fr\/www\/representations-theatrales-2015\/\">Repr\u00e9sentations th\u00e9\u00e2trales 2015.<\/a><\/li>\n\t\t<li class=\"wsp-post\"><a href=\"http:\/\/www.aelbrains.fr\/www\/soiree-des-talents-2\/\">Soir\u00e9e des talents.<\/a><\/li>\n\t\t<li class=\"wsp-post\"><a href=\"http:\/\/www.aelbrains.fr\/www\/vide-grenier-le-28-septembre-2014\/\">Vide Grenier, le 28 septembre 2014<\/a><\/li>\n\t\t<li class=\"wsp-post\"><a href=\"http:\/\/www.aelbrains.fr\/www\/tombola-2014-les-gagnants-sont\/\">Tombola 2014, les gagnants sont:<\/a><\/li>\n\t\t<li class=\"wsp-post\"><a href=\"http:\/\/www.aelbrains.fr\/www\/soiree-des-talents\/\">Soir\u00e9e des talents<\/a><\/li>\n\t\t<li class=\"wsp-post\"><a href=\"http:\/\/www.aelbrains.fr\/www\/representations-theatrales\/\">Repr\u00e9sentations th\u00e9\u00e2trales.<\/a><\/li>\n\t\t<li class=\"wsp-post\"><a href=\"http:\/\/www.aelbrains.fr\/www\/creation-dune-section-cuisine-la-fourchette-inventive\/\">Cr\u00e9ation d&rsquo;une section Cuisine \u00ab La fourchette inventive \u00bb<\/a><\/li>\n<\/ul><\/li>\n<\/ul>\n<h2 class=\"wsp-event-venues-title\">Lieux<\/h2>\n<ul class=\"wsp-event-venues-list\">\n<li><a href=\"http:\/\/www.aelbrains.fr\/www\/events\/venues\/salle-jean-noel-prin\/\">Salle Jean No\u00ebl Prin<\/a><\/li>\n<li><a href=\"http:\/\/www.aelbrains.fr\/www\/events\/venues\/terrain-du-mortier\/\">Terrain du Mortier<\/a><\/li>\n<\/ul>\n<h2 class=\"wsp-event-categorys-title\">Cat\u00e9gories<\/h2>\n<ul class=\"wsp-event-categorys-list\">\n<li><a href=\"http:\/\/www.aelbrains.fr\/www\/events\/category\/concert\/\">Concert<\/a><\/li>\n<li><a href=\"http:\/\/www.aelbrains.fr\/www\/events\/category\/vide-grenier\/\">vide grenier<\/a><\/li>\n<\/ul>\n<\/div>\n","protected":false},"excerpt":{"rendered":"","protected":false},"author":1,"featured_media":0,"parent":0,"menu_order":0,"comment_status":"closed","ping_status":"open","template":"","meta":{"ngg_post_thumbnail":0,"footnotes":""},"class_list":["post-146","page","type-page","status-publish","hentry"],"_links":{"self":[{"href":"http:\/\/www.aelbrains.fr\/www\/wp-json\/wp\/v2\/pages\/146","targetHints":{"allow":["GET"]}}],"collection":[{"href":"http:\/\/www.aelbrains.fr\/www\/wp-json\/wp\/v2\/pages"}],"about":[{"href":"http:\/\/www.aelbrains.fr\/www\/wp-json\/wp\/v2\/types\/page"}],"author":[{"embeddable":true,"href":"http:\/\/www.aelbrains.fr\/www\/wp-json\/wp\/v2\/users\/1"}],"replies":[{"embeddable":true,"href":"http:\/\/www.aelbrains.fr\/www\/wp-json\/wp\/v2\/comments?post=146"}],"version-history":[{"count":1,"href":"http:\/\/www.aelbrains.fr\/www\/wp-json\/wp\/v2\/pages\/146\/revisions"}],"predecessor-version":[{"id":147,"href":"http:\/\/www.aelbrains.fr\/www\/wp-json\/wp\/v2\/pages\/146\/revisions\/147"}],"wp:attachment":[{"href":"http:\/\/www.aelbrains.fr\/www\/wp-json\/wp\/v2\/media?parent=146"}],"curies":[{"name":"wp","href":"https:\/\/api.w.org\/{rel}","templated":true}]}}